{"id":3941,"date":"2023-06-21T11:26:25","date_gmt":"2023-06-21T09:26:25","guid":{"rendered":"https:\/\/bibliolingua.eu\/le-projet\/"},"modified":"2024-01-11T13:25:28","modified_gmt":"2024-01-11T12:25:28","slug":"le-projet","status":"publish","type":"page","link":"https:\/\/bibliolingua.eu\/fr\/le-projet\/","title":{"rendered":"Le projet"},"content":{"rendered":"\n<p><strong>BiblioLingua (projet 2023-2025) a pour objectif de proposer une offre de lectures adapt\u00e9es, en associant l\u2019acquisition de la deuxi\u00e8me langue \u00e0 la promotion de la litt\u00e9rature et du patrimoine europ\u00e9en. Cette offre vise en particulier les \u00e9tudiants de l\u2019enseignement secondaire.<\/strong><\/p>\n\n<p>La future collection se compose de 17 livres \u00e9lectroniques de diff\u00e9rents niveaux de lecture.<\/p>\n\n<p>Afin d\u2019adapter au mieux notre offre aux besoins des \u00e9tudiants et des enseignants, nous mettrons \u00e0 leur disposition les dossiers p\u00e9dagogiques ainsi que des plans de cours associ\u00e9s aux diff\u00e9rents livres electroniques. Ces ensembles comprendront des plans de cours pour les enseignants et des dossiers p\u00e9dagogiques pour les \u00e9l\u00e8ves.<\/p>\n\n<p>En outre, ce projet vise \u00e0 fournir une plateforme o\u00f9 toutes les ressources cr\u00e9\u00e9es tout au long du projet seront accessibles gratuitement \u00e0 tous.<\/p>\n\n<p>Ce projet rassemble 6 partenaires europ\u00e9ens :<\/p>\n\n<ul class=\"wp-block-list\">\n<li>Les Apprimeurs, agence num\u00e9rique fran\u00e7aise sp\u00e9cialis\u00e9e dans la mise en \u0153uvre de solutions innovantes favorisant l\u2019acc\u00e8s aux savoirs fondamentaux<\/li>\n\n\n\n<li>LogoPsyCom (coordinateur), soci\u00e9t\u00e9 belge sp\u00e9cialis\u00e9e sur les troubles d\u2019apprentissages<\/li>\n\n\n\n<li>L\u2019institut des Sourds de Turin, travaillant, entre autres, avec des migrants sourds<\/li>\n\n\n\n<li>Babel Idiomas, un centre priv\u00e9 de formation des enseignants et d&rsquo;enseignement des langues \u00e0 M\u00e1laga (Espagne)<\/li>\n\n\n\n<li>Tartu Raatuse Kool, une \u00e9cole primaire en Estonie qui utilise des m\u00e9thodes d&rsquo;enseignement modernes.<\/li>\n\n\n\n<li>Zakladna skola, Skultetyho 1, Nitra est une \u00e9cole slovaque qui offre un enseignement primaire et secondaire inf\u00e9rieur.<\/li>\n<\/ul>\n\n<p>BiblioLingua est financ\u00e9 par le programme Erasmus+.<br\/>Tous les contenus produits pendant le projet seront librement accessibles.<br\/>Projet N\u00b0: 2022-2-BE01-KA220-SCH-000096799<\/p>\n","protected":false},"excerpt":{"rendered":"<p>BiblioLingua (projet 2023-2025) a pour objectif de proposer une offre de lectures adapt\u00e9es, en associant l\u2019acquisition de la deuxi\u00e8me langue \u00e0 la promotion de la litt\u00e9rature et du patrimoine europ\u00e9en. Cette offre vise en particulier les \u00e9tudiants de l\u2019enseignement secondaire. La future collection se compose de 17 livres \u00e9lectroniques de diff\u00e9rents niveaux de lecture. Afin [&hellip;]<\/p>\n","protected":false},"author":3,"featured_media":0,"parent":0,"menu_order":0,"comment_status":"closed","ping_status":"closed","template":"","meta":{"_acf_changed":false,"_et_pb_use_builder":"off","_et_pb_old_content":"","_et_gb_content_width":"","footnotes":""},"class_list":["post-3941","page","type-page","status-publish","hentry"],"acf":[],"_links":{"self":[{"href":"https:\/\/bibliolingua.eu\/fr\/wp-json\/wp\/v2\/pages\/3941","targetHints":{"allow":["GET"]}}],"collection":[{"href":"https:\/\/bibliolingua.eu\/fr\/wp-json\/wp\/v2\/pages"}],"about":[{"href":"https:\/\/bibliolingua.eu\/fr\/wp-json\/wp\/v2\/types\/page"}],"author":[{"embeddable":true,"href":"https:\/\/bibliolingua.eu\/fr\/wp-json\/wp\/v2\/users\/3"}],"replies":[{"embeddable":true,"href":"https:\/\/bibliolingua.eu\/fr\/wp-json\/wp\/v2\/comments?post=3941"}],"version-history":[{"count":5,"href":"https:\/\/bibliolingua.eu\/fr\/wp-json\/wp\/v2\/pages\/3941\/revisions"}],"predecessor-version":[{"id":7897,"href":"https:\/\/bibliolingua.eu\/fr\/wp-json\/wp\/v2\/pages\/3941\/revisions\/7897"}],"wp:attachment":[{"href":"https:\/\/bibliolingua.eu\/fr\/wp-json\/wp\/v2\/media?parent=3941"}],"curies":[{"name":"wp","href":"https:\/\/api.w.org\/{rel}","templated":true}]}}

<p><strong>BiblioLingua (projet 2023-2025) a pour objectif de proposer une offre de lectures adaptées, en associant l’acquisition de la deuxième langue à la promotion de la littérature et du patrimoine européen. Cette offre vise en particulier les étudiants de l’enseignement secondaire.</strong></p>

<p>La future collection se compose de 17 livres électroniques de différents niveaux de lecture.</p>

<p>Afin d’adapter au mieux notre offre aux besoins des étudiants et des enseignants, nous mettrons à leur disposition les dossiers pédagogiques ainsi que des plans de cours associés aux différents livres electroniques. Ces ensembles comprendront des plans de cours pour les enseignants et des dossiers pédagogiques pour les élèves.</p>

<p>En outre, ce projet vise à fournir une plateforme où toutes les ressources créées tout au long du projet seront accessibles gratuitement à tous.</p>

<p>Ce projet rassemble 6 partenaires européens :</p>

<ul class="wp-block-list">
<li>Les Apprimeurs, agence numérique française spécialisée dans la mise en œuvre de solutions innovantes favorisant l’accès aux savoirs fondamentaux</li>



<li>LogoPsyCom (coordinateur), société belge spécialisée sur les troubles d’apprentissages</li>



<li>L’institut des Sourds de Turin, travaillant, entre autres, avec des migrants sourds</li>



<li>Babel Idiomas, un centre privé de formation des enseignants et d&rsquo;enseignement des langues à Málaga (Espagne)</li>



<li>Tartu Raatuse Kool, une école primaire en Estonie qui utilise des méthodes d&rsquo;enseignement modernes.</li>



<li>Zakladna skola, Skultetyho 1, Nitra est une école slovaque qui offre un enseignement primaire et secondaire inférieur.</li>
</ul>

<p>BiblioLingua est financé par le programme Erasmus+.<br/>Tous les contenus produits pendant le projet seront librement accessibles.<br/>Projet N°: 2022-2-BE01-KA220-SCH-000096799</p>

<p>BiblioLingua (projet 2023-2025) a pour objectif de proposer une offre de lectures adaptées, en associant l’acquisition de la deuxième langue à la promotion de la littérature et du patrimoine européen. Cette offre vise en particulier les étudiants de l’enseignement secondaire. La future collection se compose de 17 livres électroniques de différents niveaux de lecture. Afin [&hellip;]</p>
