{"id":6255,"date":"2023-06-21T11:41:14","date_gmt":"2023-06-21T09:41:14","guid":{"rendered":"https:\/\/bibliolingua.eu\/i-partner\/"},"modified":"2024-11-05T15:02:01","modified_gmt":"2024-11-05T14:02:01","slug":"i-partner","status":"publish","type":"page","link":"https:\/\/bibliolingua.eu\/it\/i-partner\/","title":{"rendered":"I partner"},"content":{"rendered":"\n<div class=\"wp-block-columns is-layout-flex wp-container-core-columns-is-layout-9d6595d7 wp-block-columns-is-layout-flex\">\n<div class=\"wp-block-column is-layout-flow wp-block-column-is-layout-flow\" style=\"flex-basis:10%\">\n<div class=\"flag flagBE\"><\/div>\n<\/div>\n\n\n\n<div class=\"wp-block-column is-layout-flow wp-block-column-is-layout-flow\" style=\"flex-basis:90%\">\n<h2 class=\"wp-block-heading\">LogoPsyCom<\/h2>\n\n\n\n<p>Belgio<\/p>\n<\/div>\n<\/div>\n\n<div style=\"height:30px\" aria-hidden=\"true\" class=\"wp-block-spacer\"><\/div>\n\n<p>Logopsycom \u00e8 un centro di innovazione educativa che crea e utilizza metodi o strumenti alternativi (digitali e non) per accompagnare scuole, centri di formazione professionale, organizzazioni educative, giovani e genitori. Nasce inizialmente come azienda di assistenza, specializzata sui disturbi dell\u2019apprendimento tra i giovani, soprattutto in disprassia, disfasia, dislessia, denominate anche \u201cDisturbi Specifici dell\u2019Apprendimento\u201d (DSA) e quindi lavora sempre sull\u2019accessibilit\u00e0 dei contenuti.<\/p>\n\n<a href=\"https:\/\/logopsycom.com\/\" class=\"partnerButton\" target=\"_blank\" rel=\"noopener\"><img decoding=\"async\" src=\"https:\/\/bibliolingua.eu\/wp-content\/uploads\/2023\/04\/web.png\" width=\"26px\"\/><\/a>\n<a href=\"https:\/\/www.facebook.com\/Logopsycom\/\" class=\"partnerButton\" target=\"_blank\" rel=\"noopener\"><img decoding=\"async\" src=\"https:\/\/bibliolingua.eu\/wp-content\/uploads\/2023\/04\/fb.png\" width=\"12px\"\/><\/a>\n\n<div style=\"height:60px\" aria-hidden=\"true\" class=\"wp-block-spacer\"><\/div>\n\n<div class=\"wp-block-columns is-layout-flex wp-container-core-columns-is-layout-9d6595d7 wp-block-columns-is-layout-flex\">\n<div class=\"wp-block-column is-layout-flow wp-block-column-is-layout-flow\" style=\"flex-basis:10%\">\n<div class=\"flag flagET\"><\/div>\n<\/div>\n\n\n\n<div class=\"wp-block-column is-layout-flow wp-block-column-is-layout-flow\" style=\"flex-basis:90%\">\n<h2 class=\"wp-block-heading\">Tartu Raatuse Kool<\/h2>\n\n\n\n<p>Estonia<\/p>\n<\/div>\n<\/div>\n\n<div style=\"height:30px\" aria-hidden=\"true\" class=\"wp-block-spacer\"><\/div>\n\n<p>La Tartu Raatuse School \u00e8 una scuola primaria in Estonia che utilizza metodi di insegnamento moderni, evitando di utilizzare un sistema di valutazione tradizionale nelle classi primarie dagli anni 1-6. La scuola ha gi\u00e0 l&#8217;esperienza che si occupa del progetto BiblioLingua, che unisce diverse aree dell&#8217;apprendimento delle lingue con la promozione della letteratura e del patrimonio europeo. Il motto della scuola \u00e8: non insegniamo programmi o materie, ma studenti!<\/p>\n\n<a href=\"https:\/\/raatuse.tartu.ee\/en\/\" class=\"partnerButton\" target=\"_blank\" rel=\"noopener\"><img decoding=\"async\" src=\"https:\/\/bibliolingua.eu\/wp-content\/uploads\/2023\/04\/web.png\" width=\"26px\"\/><\/a>\n<a href=\"https:\/\/www.facebook.com\/people\/Tartu-Raatuse-Kool\/100057033176530\/\" class=\"partnerButton\" target=\"_blank\" rel=\"noopener\"><img decoding=\"async\" src=\"https:\/\/bibliolingua.eu\/wp-content\/uploads\/2023\/04\/fb.png\" width=\"12px\"\/><\/a>\n\n<div style=\"height:60px\" aria-hidden=\"true\" class=\"wp-block-spacer\"><\/div>\n\n<div class=\"wp-block-columns is-layout-flex wp-container-core-columns-is-layout-9d6595d7 wp-block-columns-is-layout-flex\">\n<div class=\"wp-block-column is-layout-flow wp-block-column-is-layout-flow\" style=\"flex-basis:10%\">\n<div class=\"flag flagIT\"><\/div>\n<\/div>\n\n\n\n<div class=\"wp-block-column is-layout-flow wp-block-column-is-layout-flow\" style=\"flex-basis:90%\">\n<h2 class=\"wp-block-heading\">Istituto dei Sordi di Torino<\/h2>\n\n\n\n<p>Italia<\/p>\n<\/div>\n<\/div>\n\n<div style=\"height:30px\" aria-hidden=\"true\" class=\"wp-block-spacer\"><\/div>\n\n<p>L&#8217;Istituto dei sordi di Torino \u00e8 una delle scuole pi\u00f9 antiche per sordi in Italia. \u00c8 stata fondata nel 1814 e collabora con circa 250 studenti sordi dall\u2019asilo all\u2019universit\u00e0.<\/p>\n\n<a href=\"http:\/\/www.istitutosorditorino.org\" class=\"partnerButton\" target=\"_blank\" rel=\"noopener\"><img decoding=\"async\" src=\"https:\/\/bibliolingua.eu\/wp-content\/uploads\/2023\/04\/web.png\" width=\"26px\"\/><\/a>\n<a href=\"https:\/\/www.facebook.com\/Istituto-dei-Sordi-di-Torino-148350511989647\/\" class=\"partnerButton\" target=\"_blank\" rel=\"noopener\"><img decoding=\"async\" src=\"https:\/\/bibliolingua.eu\/wp-content\/uploads\/2023\/04\/fb.png\" width=\"12px\"\/><\/a>\n\n<div style=\"height:60px\" aria-hidden=\"true\" class=\"wp-block-spacer\"><\/div>\n\n<div class=\"wp-block-columns is-layout-flex wp-container-core-columns-is-layout-9d6595d7 wp-block-columns-is-layout-flex\">\n<div class=\"wp-block-column is-layout-flow wp-block-column-is-layout-flow\" style=\"flex-basis:10%\">\n<div class=\"flag flagES\"><\/div>\n<\/div>\n\n\n\n<div class=\"wp-block-column is-layout-flow wp-block-column-is-layout-flow\" style=\"flex-basis:90%\">\n<h2 class=\"wp-block-heading\">Babel Idioma y Cultura S.L.<\/h2>\n\n\n\n<p>Spagna<\/p>\n<\/div>\n<\/div>\n\n<div style=\"height:30px\" aria-hidden=\"true\" class=\"wp-block-spacer\"><\/div>\n\n<p>Babel Idiomas \u00e8 un centro privato di formazione per insegnanti e di educazione linguistica a M\u00e1laga (Spagna). Dal 1999 offrono corsi di lingua in inglese, spagnolo, tedesco e francese a studenti di ogni et\u00e0 e provenienza. Oltre a gestire 2 centri linguistici, Babel Idiomas insegna anche in 3 scuole locali, dove offrono corsi di inglese extracurriculari per i loro studenti. Babel Idiomas ha anche una linea speciale di corsi di inglese adattati agli studenti con dislessia.<\/p>\n\n<a href=\"https:\/\/www.babelidiomas.es\/\" class=\"partnerButton\" target=\"_blank\" rel=\"noopener\"><img decoding=\"async\" src=\"https:\/\/bibliolingua.eu\/wp-content\/uploads\/2023\/04\/web.png\" width=\"26px\"\/><\/a>\n<a href=\"https:\/\/es-es.facebook.com\/BabelIdiomasMalaga\/\" class=\"partnerButton\" target=\"_blank\" rel=\"noopener\"><img decoding=\"async\" src=\"https:\/\/bibliolingua.eu\/wp-content\/uploads\/2023\/04\/fb.png\" width=\"12px\"\/><\/a>\n\n<div style=\"height:60px\" aria-hidden=\"true\" class=\"wp-block-spacer\"><\/div>\n\n<div class=\"wp-block-columns is-layout-flex wp-container-core-columns-is-layout-9d6595d7 wp-block-columns-is-layout-flex\">\n<div class=\"wp-block-column is-layout-flow wp-block-column-is-layout-flow\" style=\"flex-basis:10%\">\n<div class=\"flag flagFR\"><\/div>\n<\/div>\n\n\n\n<div class=\"wp-block-column is-layout-flow wp-block-column-is-layout-flow\" style=\"flex-basis:90%\">\n<h2 class=\"wp-block-heading\">Les Apprimeurs<\/h2>\n\n\n\n<p>Francia<\/p>\n<\/div>\n<\/div>\n\n<div style=\"height:30px\" aria-hidden=\"true\" class=\"wp-block-spacer\"><\/div>\n\n<p>Les Apprimeurs \u00e8 una societ\u00e0 francese specializzata nella creazione di soluzioni digitali su misura per i settori dell\u2019istruzione, della cultura e della formazione.<\/p>\n\n<a href=\"https:\/\/lesapprimeurs.com\/\" class=\"partnerButton\" target=\"_blank\" rel=\"noopener\"><img decoding=\"async\" src=\"https:\/\/bibliolingua.eu\/wp-content\/uploads\/2023\/04\/web.png\" width=\"26px\"\/><\/a>\n<a href=\"https:\/\/www.facebook.com\/lesapprimeurs\/\" class=\"partnerButton\" target=\"_blank\" rel=\"noopener\"><img decoding=\"async\" src=\"https:\/\/bibliolingua.eu\/wp-content\/uploads\/2023\/04\/fb.png\" width=\"12px\"\/><\/a>\n\n<div style=\"height:60px\" aria-hidden=\"true\" class=\"wp-block-spacer\"><\/div>\n\n<div class=\"wp-block-columns is-layout-flex wp-container-core-columns-is-layout-9d6595d7 wp-block-columns-is-layout-flex\">\n<div class=\"wp-block-column is-layout-flow wp-block-column-is-layout-flow\" style=\"flex-basis:10%\">\n<div class=\"flag flagSK\"><\/div>\n<\/div>\n\n\n\n<div class=\"wp-block-column is-layout-flow wp-block-column-is-layout-flow\" style=\"flex-basis:90%\">\n<h2 class=\"wp-block-heading\">Zakladna skola, Skultetyho 1, Nitra<\/h2>\n\n\n\n<p>Slovacchia<\/p>\n<\/div>\n<\/div>\n\n<div style=\"height:30px\" aria-hidden=\"true\" class=\"wp-block-spacer\"><\/div>\n\n<p>Z\u00e1kladn\u00e1 \u0161kola, \u0160kult\u00e9tyho 1, Nitra, \u00e8 una scuola slovacca che offre istruzione primaria e secondaria inferiore. Sono inclusi lavori di progetto e metodi innovativi nel processo di insegnamento e apprendimento. Gli alunni di Z\u00e1kladn\u00e1 \u0161kola imparano l&#8217;inglese dalla prima classe. Imparano anche altre lingue straniere come tedesco, spagnolo e russo.<br\/>La scuola \u00e8 stata coinvolta nel programma: Lo sviluppo dell&#8217;alfabetizzazione ambientale e siamo diventati membri attivi delle Eco-scuole.<\/p>\n\n<div style=\"height:10px\" aria-hidden=\"true\" class=\"wp-block-spacer\"><\/div>\n\n<a href=\"https:\/\/zsskultetyhonitra.edupage.org\/\" class=\"partnerButton\" target=\"_blank\" rel=\"noopener\"><img decoding=\"async\" src=\"https:\/\/bibliolingua.eu\/wp-content\/uploads\/2023\/04\/web.png\" width=\"26px\"\/><\/a>\n<a href=\"https:\/\/www.facebook.com\/people\/Z%C3%A1kladn%C3%A1-%C5%A1kola-%C5%A0kult%C3%A9tyho-1-Nitra\/100063775350908\/\" class=\"partnerButton\" target=\"_blank\" rel=\"noopener\"><img decoding=\"async\" src=\"https:\/\/bibliolingua.eu\/wp-content\/uploads\/2023\/04\/fb.png\" width=\"12px\"\/><\/a>\n","protected":false},"excerpt":{"rendered":"<p>LogoPsyCom Belgio Logopsycom \u00e8 un centro di innovazione educativa che crea e utilizza metodi o strumenti alternativi (digitali e non) per accompagnare scuole, centri di formazione professionale, organizzazioni educative, giovani e genitori. Nasce inizialmente come azienda di assistenza, specializzata sui disturbi dell\u2019apprendimento tra i giovani, soprattutto in disprassia, disfasia, dislessia, denominate anche \u201cDisturbi Specifici dell\u2019Apprendimento\u201d [&hellip;]<\/p>\n","protected":false},"author":3,"featured_media":0,"parent":0,"menu_order":0,"comment_status":"closed","ping_status":"closed","template":"","meta":{"_acf_changed":false,"_et_pb_use_builder":"off","_et_pb_old_content":"","_et_gb_content_width":"","footnotes":""},"class_list":["post-6255","page","type-page","status-publish","hentry"],"acf":[],"_links":{"self":[{"href":"https:\/\/bibliolingua.eu\/it\/wp-json\/wp\/v2\/pages\/6255","targetHints":{"allow":["GET"]}}],"collection":[{"href":"https:\/\/bibliolingua.eu\/it\/wp-json\/wp\/v2\/pages"}],"about":[{"href":"https:\/\/bibliolingua.eu\/it\/wp-json\/wp\/v2\/types\/page"}],"author":[{"embeddable":true,"href":"https:\/\/bibliolingua.eu\/it\/wp-json\/wp\/v2\/users\/3"}],"replies":[{"embeddable":true,"href":"https:\/\/bibliolingua.eu\/it\/wp-json\/wp\/v2\/comments?post=6255"}],"version-history":[{"count":8,"href":"https:\/\/bibliolingua.eu\/it\/wp-json\/wp\/v2\/pages\/6255\/revisions"}],"predecessor-version":[{"id":8382,"href":"https:\/\/bibliolingua.eu\/it\/wp-json\/wp\/v2\/pages\/6255\/revisions\/8382"}],"wp:attachment":[{"href":"https:\/\/bibliolingua.eu\/it\/wp-json\/wp\/v2\/media?parent=6255"}],"curies":[{"name":"wp","href":"https:\/\/api.w.org\/{rel}","templated":true}]}}

<div class="wp-block-columns is-layout-flex wp-container-core-columns-is-layout-9d6595d7 wp-block-columns-is-layout-flex">
<div class="wp-block-column is-layout-flow wp-block-column-is-layout-flow" style="flex-basis:10%">
<div class="flag flagBE"></div>
</div>



<div class="wp-block-column is-layout-flow wp-block-column-is-layout-flow" style="flex-basis:90%">
<h2 class="wp-block-heading">LogoPsyCom</h2>



<p>Belgio</p>
</div>
</div>

<div style="height:30px" aria-hidden="true" class="wp-block-spacer"></div>

<p>Logopsycom è un centro di innovazione educativa che crea e utilizza metodi o strumenti alternativi (digitali e non) per accompagnare scuole, centri di formazione professionale, organizzazioni educative, giovani e genitori. Nasce inizialmente come azienda di assistenza, specializzata sui disturbi dell’apprendimento tra i giovani, soprattutto in disprassia, disfasia, dislessia, denominate anche “Disturbi Specifici dell’Apprendimento” (DSA) e quindi lavora sempre sull’accessibilità dei contenuti.</p>

<a href="https://logopsycom.com/" class="partnerButton" target="_blank" rel="noopener"><img decoding="async" src="https://bibliolingua.eu/wp-content/uploads/2023/04/web.png" width="26px"/></a>
<a href="https://www.facebook.com/Logopsycom/" class="partnerButton" target="_blank" rel="noopener"><img decoding="async" src="https://bibliolingua.eu/wp-content/uploads/2023/04/fb.png" width="12px"/></a>

<div style="height:60px" aria-hidden="true" class="wp-block-spacer"></div>

<div class="wp-block-columns is-layout-flex wp-container-core-columns-is-layout-9d6595d7 wp-block-columns-is-layout-flex">
<div class="wp-block-column is-layout-flow wp-block-column-is-layout-flow" style="flex-basis:10%">
<div class="flag flagET"></div>
</div>



<div class="wp-block-column is-layout-flow wp-block-column-is-layout-flow" style="flex-basis:90%">
<h2 class="wp-block-heading">Tartu Raatuse Kool</h2>



<p>Estonia</p>
</div>
</div>

<div style="height:30px" aria-hidden="true" class="wp-block-spacer"></div>

<p>La Tartu Raatuse School è una scuola primaria in Estonia che utilizza metodi di insegnamento moderni, evitando di utilizzare un sistema di valutazione tradizionale nelle classi primarie dagli anni 1-6. La scuola ha già l&#8217;esperienza che si occupa del progetto BiblioLingua, che unisce diverse aree dell&#8217;apprendimento delle lingue con la promozione della letteratura e del patrimonio europeo. Il motto della scuola è: non insegniamo programmi o materie, ma studenti!</p>

<a href="https://raatuse.tartu.ee/en/" class="partnerButton" target="_blank" rel="noopener"><img decoding="async" src="https://bibliolingua.eu/wp-content/uploads/2023/04/web.png" width="26px"/></a>
<a href="https://www.facebook.com/people/Tartu-Raatuse-Kool/100057033176530/" class="partnerButton" target="_blank" rel="noopener"><img decoding="async" src="https://bibliolingua.eu/wp-content/uploads/2023/04/fb.png" width="12px"/></a>

<div style="height:60px" aria-hidden="true" class="wp-block-spacer"></div>

<div class="wp-block-columns is-layout-flex wp-container-core-columns-is-layout-9d6595d7 wp-block-columns-is-layout-flex">
<div class="wp-block-column is-layout-flow wp-block-column-is-layout-flow" style="flex-basis:10%">
<div class="flag flagIT"></div>
</div>



<div class="wp-block-column is-layout-flow wp-block-column-is-layout-flow" style="flex-basis:90%">
<h2 class="wp-block-heading">Istituto dei Sordi di Torino</h2>



<p>Italia</p>
</div>
</div>

<div style="height:30px" aria-hidden="true" class="wp-block-spacer"></div>

<p>L&#8217;Istituto dei sordi di Torino è una delle scuole più antiche per sordi in Italia. È stata fondata nel 1814 e collabora con circa 250 studenti sordi dall’asilo all’università.</p>

<a href="http://www.istitutosorditorino.org" class="partnerButton" target="_blank" rel="noopener"><img decoding="async" src="https://bibliolingua.eu/wp-content/uploads/2023/04/web.png" width="26px"/></a>
<a href="https://www.facebook.com/Istituto-dei-Sordi-di-Torino-148350511989647/" class="partnerButton" target="_blank" rel="noopener"><img decoding="async" src="https://bibliolingua.eu/wp-content/uploads/2023/04/fb.png" width="12px"/></a>

<div style="height:60px" aria-hidden="true" class="wp-block-spacer"></div>

<div class="wp-block-columns is-layout-flex wp-container-core-columns-is-layout-9d6595d7 wp-block-columns-is-layout-flex">
<div class="wp-block-column is-layout-flow wp-block-column-is-layout-flow" style="flex-basis:10%">
<div class="flag flagES"></div>
</div>



<div class="wp-block-column is-layout-flow wp-block-column-is-layout-flow" style="flex-basis:90%">
<h2 class="wp-block-heading">Babel Idioma y Cultura S.L.</h2>



<p>Spagna</p>
</div>
</div>

<div style="height:30px" aria-hidden="true" class="wp-block-spacer"></div>

<p>Babel Idiomas è un centro privato di formazione per insegnanti e di educazione linguistica a Málaga (Spagna). Dal 1999 offrono corsi di lingua in inglese, spagnolo, tedesco e francese a studenti di ogni età e provenienza. Oltre a gestire 2 centri linguistici, Babel Idiomas insegna anche in 3 scuole locali, dove offrono corsi di inglese extracurriculari per i loro studenti. Babel Idiomas ha anche una linea speciale di corsi di inglese adattati agli studenti con dislessia.</p>

<a href="https://www.babelidiomas.es/" class="partnerButton" target="_blank" rel="noopener"><img decoding="async" src="https://bibliolingua.eu/wp-content/uploads/2023/04/web.png" width="26px"/></a>
<a href="https://es-es.facebook.com/BabelIdiomasMalaga/" class="partnerButton" target="_blank" rel="noopener"><img decoding="async" src="https://bibliolingua.eu/wp-content/uploads/2023/04/fb.png" width="12px"/></a>

<div style="height:60px" aria-hidden="true" class="wp-block-spacer"></div>

<div class="wp-block-columns is-layout-flex wp-container-core-columns-is-layout-9d6595d7 wp-block-columns-is-layout-flex">
<div class="wp-block-column is-layout-flow wp-block-column-is-layout-flow" style="flex-basis:10%">
<div class="flag flagFR"></div>
</div>



<div class="wp-block-column is-layout-flow wp-block-column-is-layout-flow" style="flex-basis:90%">
<h2 class="wp-block-heading">Les Apprimeurs</h2>



<p>Francia</p>
</div>
</div>

<div style="height:30px" aria-hidden="true" class="wp-block-spacer"></div>

<p>Les Apprimeurs è una società francese specializzata nella creazione di soluzioni digitali su misura per i settori dell’istruzione, della cultura e della formazione.</p>

<a href="https://lesapprimeurs.com/" class="partnerButton" target="_blank" rel="noopener"><img decoding="async" src="https://bibliolingua.eu/wp-content/uploads/2023/04/web.png" width="26px"/></a>
<a href="https://www.facebook.com/lesapprimeurs/" class="partnerButton" target="_blank" rel="noopener"><img decoding="async" src="https://bibliolingua.eu/wp-content/uploads/2023/04/fb.png" width="12px"/></a>

<div style="height:60px" aria-hidden="true" class="wp-block-spacer"></div>

<div class="wp-block-columns is-layout-flex wp-container-core-columns-is-layout-9d6595d7 wp-block-columns-is-layout-flex">
<div class="wp-block-column is-layout-flow wp-block-column-is-layout-flow" style="flex-basis:10%">
<div class="flag flagSK"></div>
</div>



<div class="wp-block-column is-layout-flow wp-block-column-is-layout-flow" style="flex-basis:90%">
<h2 class="wp-block-heading">Zakladna skola, Skultetyho 1, Nitra</h2>



<p>Slovacchia</p>
</div>
</div>

<div style="height:30px" aria-hidden="true" class="wp-block-spacer"></div>

<p>Základná škola, Škultétyho 1, Nitra, è una scuola slovacca che offre istruzione primaria e secondaria inferiore. Sono inclusi lavori di progetto e metodi innovativi nel processo di insegnamento e apprendimento. Gli alunni di Základná škola imparano l&#8217;inglese dalla prima classe. Imparano anche altre lingue straniere come tedesco, spagnolo e russo.<br/>La scuola è stata coinvolta nel programma: Lo sviluppo dell&#8217;alfabetizzazione ambientale e siamo diventati membri attivi delle Eco-scuole.</p>

<div style="height:10px" aria-hidden="true" class="wp-block-spacer"></div>

<a href="https://zsskultetyhonitra.edupage.org/" class="partnerButton" target="_blank" rel="noopener"><img decoding="async" src="https://bibliolingua.eu/wp-content/uploads/2023/04/web.png" width="26px"/></a>
<a href="https://www.facebook.com/people/Z%C3%A1kladn%C3%A1-%C5%A1kola-%C5%A0kult%C3%A9tyho-1-Nitra/100063775350908/" class="partnerButton" target="_blank" rel="noopener"><img decoding="async" src="https://bibliolingua.eu/wp-content/uploads/2023/04/fb.png" width="12px"/></a>

<p>LogoPsyCom Belgio Logopsycom è un centro di innovazione educativa che crea e utilizza metodi o strumenti alternativi (digitali e non) per accompagnare scuole, centri di formazione professionale, organizzazioni educative, giovani e genitori. Nasce inizialmente come azienda di assistenza, specializzata sui disturbi dell’apprendimento tra i giovani, soprattutto in disprassia, disfasia, dislessia, denominate anche “Disturbi Specifici dell’Apprendimento” [&hellip;]</p>
